t x be (-88332)/(-54) - (-6)/27. Suppose -h + x = 3*h. Is h prime?
True
Let j(f) = f**3 - 4*f**2 - 5*f + 6. Let q be j(5). Let v(s) = -s**2 - 4*s + 1. Let k(l) = l**2 - l. Let t(c) = 3*k(c) - v(c). Is t(q) a composite number?
False
Suppose -2*p - 3129 = -16171. Is p prime?
True
Let t(d) = -52*d**3 - d**2 + 2*d - 1. Let i(x) = 3*x - 20. Let r be i(6). Is t(r) prime?
False
Let u be (2/8)/((-2)/(-16)). Suppose u*o + 0*o + 5*c - 18 = 0, 5*c - 17 = -3*o. Is (o - -4)/(9/1119) a prime number?
True
Let u(y) = -y**3 - 9*y**2 + 10*y + 4. Let l be u(-10). Suppose -l*m + 910 = 2*z - 256, -1767 = -3*z + 3*m. Is z a prime number?
True
Is (-82592)/(-288) + -2*3/(-27) prime?
False
Let d be 12/(-18) - (-4)/6. Suppose 0 = -d*k - 2*k - 6. Is (11 + k)/4 + 783 composite?
True
Let s be (10/(-6))/(4/(-12)). Suppose h - 2*l = -4*h + 17, 0 = -4*h - s*l + 7. Suppose -504 = -h*x - 165. Is x a composite number?
False
Let o(v) = 2 - 10 + 4*v**2 - 6*v - 7*v**2 + 4*v**2. Is o(-7) a prime number?
True
Let r be 26/6 - -7*(-3)/63. Suppose -20*k = -r*k - 5264. Is k prime?
False
Let y be 3 - (5 + (-4 - -1)). Let a be (y + 994/(-6))*-3. Suppose -231 = -o - 5*n, 0*o + 2*n - a = -2*o. Is o prime?
True
Let k = 44 + -46. Let y(m) = 2310*m**2 - 4*m - 13. Is y(k) prime?
False
Let o = -112 - -96. Is 4/o*(-8517 - (0 - 1)) prime?
True
Suppose 2 = a - 2. Let d = a - 1. Is -3*3/d - -145 prime?
False
Suppose -5*y = -3*t + 1080, 0*y - 3*y + 374 = t. Suppose -5*f = 3*n - t, 3*f - n - 4*n - 253 = 0. Let a = f - -81. Is a a prime number?
True
Is ((-1408940)/715)/((-4)/22) composite?
True
Let l = -15 - -20. Let r be -1 + l - (3 + 1). Suppose -m - x + 385 + 874 = r, -3*m + x + 3761 = 0. Is m a prime number?
False
Let q = 13 - 8. Let f be 2 + 5/(25/40). Is (106/1)/(f/q) a prime number?
True
Suppose 5*p + 5*b = 100, -20 - 69 = -4*p - b. Suppose -6*w + 2*w = 4*m - 24, 2*w = -m + 8. Suppose 0 = -u + w*u - p. Is u composite?
False
Is 7587/2 + 1/(-2) prime?
True
Suppose -20*i - 26*i = -311006. Is i a prime number?
True
Let k(u) = 742*u**3 - u**2 + 6*u - 11. Is k(2) composite?
True
Let t(q) = 2201*q**2 - 8*q - 6. Is t(-1) a composite number?
False
Let m(u) = -u**2 - u - 1. Let d(n) = 6*n**2 - 12*n + 26. Let c be ((-4)/6)/((-8)/(-12)). Let i(w) = c*d(w) - 5*m(w). Is i(12) a composite number?
True
Let w be 1/1*-267 + 2. Let m = w - -2568. Suppose m = 7*k - 2268. Is k prime?
True
Let q be 20/(-35) + 92/14. Suppose -l + q*l - 745 = 0. Is l a composite number?
False
Let f = -30 + 32. Is 4 - f*(-1467)/2 composite?
False
Let h(t) = -4*t + 13. Suppose 1 = 3*g - 2, 3*w + 5*g + 19 = 0. Let z = -2 + w. Is h(z) a prime number?
True
Suppose n = 4*n - 3*a - 39, -2*n - 2*a = -34. Suppose -c - n = -5*u, 0 = -0*c - c. Suppose u*s + 127 = 4*s. Is s prime?
True
Let b(n) = n**2 + 85. Let f(q) = q**2 - 10*q + 9. Let l be f(9). Is b(l) prime?
False
Let f(i) = 2*i**2 - 3*i + 1. Let z be f(1). Is (3 - 6) + (z - -3112) prime?
True
Suppose -13*m + 145147 = 3*k - 9*m, 3*m = 12. Is k prime?
False
Let y = -2771 - -1625. Is y/2*(-55)/15 a composite number?
True
Let x = -82 - -286. Suppose -4*g + 44 = -x. Is g prime?
False
Is (2/(-1))/((-110)/338965) composite?
False
Let c = 185 - -135. Let f = 89 + c. Is f a composite number?
False
Suppose 5*i - 20 = 0, -5*d + 6*d - 4*i + 18 = 0. Is (d/4)/((0 + 5)/(-28330)) a composite number?
False
Suppose -11 + 7 = -c. Suppose -639 = c*j - 2803. Is j a prime number?
True
Let q = -2 + 4. Let v = 628 + -311. Suppose l = 0, -5*o - q*l = -798 - v. Is o composite?
False
Suppose 0 = -b - 2*b - b. Suppose -20 = -2*n - 3*n. Suppose n*m + 5*g - 368 = b, g = -4*m - m + 481. Is m a prime number?
True
Let d = 26203 - 7364. Is d a composite number?
False
Let w(r) = -r**2 + 6*r - 9. Let g be w(5). Is ((-182)/39)/(g/174) composite?
True
Suppose 0 = 2*r + s - 14597, -10*s + 7*s = -3*r + 21882. Is r a composite number?
False
Let c = 13 - 11. Suppose 0 = t - c*t + 35. Suppose 0 = 9*f - 8*f - t. Is f a composite number?
True
Is (-409468)/30*(-35)/28*6 composite?
False
Let u = 11019 - 670. Is u composite?
True
Let v(g) = -9*g + 15. Let d(f) = 13*f - 22. Let b(s) = -5*d(s) - 7*v(s). Let h be b(3). Let m = h - -114. Is m composite?
False
Let n(q) = -3307*q - 46. Is n(-5) composite?
True
Suppose 2 + 1 = -3*z. Suppose 10 = 5*x, 2*v + x + 2*x = 24. Is (z - v)*15/(-6) a composite number?
True
Let z(l) be the third derivative of -l**5/60 + 7*l**4/24 - l**3/3 + 4*l**2. Let p be z(7). Is 8 - (p + 0/1) a prime number?
False
Let s(p) = -65*p + 4. Let z be s(-3). Let q be 4*(42/8)/3 - 3. Suppose u - q - z = 0. Is u a composite number?
True
Let w = -23 + 27. Suppose 5*v = w*j - j - 1518, 2*j - 1008 = 2*v. Is j a prime number?
False
Let v = 43 - 69. Let k = v + -7. Let g = k + 52. Is g a composite number?
False
Let y be 2 - 139*-6*1. Let j = 123 + y. Let a = j + -540. Is a a prime number?
True
Let r = 51 + -48. Suppose 5*h + r*u = 177, 5*h = 2*h - 5*u + 119. Is h composite?
True
Let c(h) = -h**3 - 2*h**2 - 2*h - 2. Let y be c(-2). Suppose -y*p - 450 = 146. Is (0 - p)/2 + -3 a composite number?
True
Suppose 4*x - 13613 = -3*f, -3*f - 2*x + 12653 = -956. Is f a prime number?
False
Let p(n) = -4*n + 851. Let o(w) = -4*w - 20. Let j be o(-5). Is p(j) a composite number?
True
Let l(c) = c + 17. Let a(z) = z - 4. Let r be a(8). Is l(r) a prime number?
False
Suppose 64210 = 14*t - 4*t. Is t a composite number?
False
Let r be -3 - (-2 - -4)*1253. Let z = -1487 - r. Suppose 4*b = z - 82. Is b composite?
True
Is 41/(1 + (0 - 4))*-51 prime?
False
Is (-9)/12 + 499783/68 prime?
True
Let n(p) = -p**3 + 3*p**2 + 15*p - 37. Let r be n(4). Suppose -3*j + 4*q - 2648 = -r*j, -3*j = q - 1986. Is j a prime number?
False
Let r = -1301 + 2292. Let k = r - 584. Is k composite?
True
Is ((51246/24)/(-9))/((-3)/12) a prime number?
False
Let i(d) = -d**3 + 9*d**2 - 5*d - 5. Let q be i(6). Let f = q + -36. Suppose f = 3*o - 2*o. Is o a prime number?
True
Let k(t) = 5*t**3 - 11*t**2 - 13*t + 20. Is k(9) a prime number?
True
Let m(w) = 6*w**3 + 14*w**2 - 12*w - 93. Is m(7) a prime number?
False
Let v = 5880 + -2945. Is v prime?
False
Let h(r) = 3*r**2 + 12*r + 16. Let f(j) = j - 5*j + j**2 + 17 + 8*j + 10*j. Let x be f(-12). Is h(x) a prime number?
True
Let z be (-24)/(-84) + (-1662)/(-14). Suppose 0 = -3*i + 4*n - 48 + z, 0 = -i + 2*n + 25. Is i a prime number?
False
Let c(v) = v**2 - 6*v + 5. Let j be c(6). Suppose j*i + 162 = -y - 263, 0 = i + 5*y + 61. Let x = i + 459. Is x a prime number?
True
Is (-14 - -17)/((-6)/(-18302)) prime?
True
Is ((-10)/20)/((-1)/41442) composite?
True
Suppose 4 = 3*x + t, -3*t = 2*x + 3*x. Suppose 2*z - 125 = -3*h + 801, -3*h - 1419 = -x*z. Is z composite?
True
Suppose 0 = -5*j + 7 - 2. Let h(w) = w + 1. Let m be h(j). Suppose -5*z = a - 0*a - 108, m*z - 93 = -a. Is a prime?
True
Let k be -1*(-2 + 1 - 4). Let w be 1 + 13 - (k - 6). Let s = w + 62. Is s prime?
False
Suppose -8*s + 41347 = -5*s - 4*x, -5*s + 4*x = -68901. Is s prime?
False
Suppose 0 = 7*v + 3 + 228. Is (-1496)/(-10) - v/(-55) a composite number?
False
Suppose -383235 = -5*w - 34*x + 36*x, 4*w - 3*x - 306581 = 0. Is w composite?
False
Let r(x) = x**2 + 3. Suppose 3*m + 4*c + 30 = 0, 0 = -4*m + c - 10 - 11. Let i be r(m). Let t = i + 106. Is t composite?
True
Let p be 2 + 5 + -7 + 4. Suppose 4*h + 798 = -2*d + 4*d, -4*h - p = 0. Is d prime?
True
Suppose 3*g = g + 4348. Is g composite?
True
Let q = 19 + -11. Let r = 9 - q. Is r/((-2)/(-124) - 0) a composite number?
True
Suppose 215449 - 23246 = 11*h. Is h a prime number?
False
Suppose 2*a + 10 = 4*a - 4*q, -4*a = -5*q - 14. Suppose -3*l + a + 8 = 0. Suppose 3*b + 552 = l*x, -6*x + x - 2*b = -899. Is x a composite number?
False
Let z(c) = 367*c**2 + 2*c - 7. Is z(-4) composite?
False
Is (-68)/170 + 1494/10 prime?
True
Suppose 3*a - 98 = 253. Suppose 4*l = l + 9. Suppose -l*j = -a - 780. Is j a prime number?
False
Let w = -587 - -312. Let j be w/99 - 2/9. Let b(t) = -54*t + 4. Is b(j) a prime number?
False
Suppose 2*r - 3*h + 666 = 0, 3*r + 5*h = h - 999. Let v = -155 - r. Is v a composite number?
True
Suppose 132564 = -2*z - 2*g, -2*g - 198844 = 3*z - 0*g. Is ((-2)/(-8))/((-10)/z) a composite number?
False
Let c = 6290 - 2835. Is c composite?
True
Suppose -3*t + 15635 = k - 12948, 0 = 3*t - 3*k - 28575. Is t a prim